{"id":2199,"date":"2026-01-05T11:02:22","date_gmt":"2026-01-05T10:02:22","guid":{"rendered":"https:\/\/scm-football.com\/accueil\/?page_id=2199"},"modified":"2026-03-19T23:25:08","modified_gmt":"2026-03-19T22:25:08","slug":"2199-2","status":"publish","type":"page","link":"http:\/\/scm-football.com\/accueil\/2199-2\/","title":{"rendered":"&#8211; NOS JOUEURS\/COACHS &#8211;"},"content":{"rendered":"\n<h2 class=\"cardh2\">&#8211; Coach &#8211;<\/h2>\n<div class=\"card\" style=\"margin:5px!important;border:1px thin\">\n  <div class=\"name\">No\u00ebl TOSI<\/div>\n  <div class=\"buttons\">\n  <a class=\"video\" href=\"http:\/\/scm-football.com\/accueil\/wp-content\/uploads\/2026\/01\/diplome-pro-Noel-TOSI.pdf\" target=\"_blank\">Diplome<\/a>\n    <a class=\"cv\" href=\"https:\/\/www.transfermarkt.fr\/noel-tosi\/profil\/trainer\/2915\" target=\"_blank\">Voir CV<\/a>\n  <\/div>\n<\/div>\n<div class=\"card\" style=\"margin:5px!important;border:1px thin\">\n  <div class=\"name\">TOUR\u00c8 Alioune<\/div>\n  <div class=\"buttons\">\n  <a class=\"video\" href=\"http:\/\/scm-football.com\/accueil\/wp-content\/uploads\/2026\/03\/CV-Alioune-Toure.pdf\" target=\"_blank\">Diplome<\/a>\n    <a class=\"cv\" href=\"https:\/\/www.transfermarkt.fr\/schnellsuche\/ergebnis\/schnellsuche?query=ALIOUNE+TOURE\" target=\"_blank\">Voir CV<\/a>\n  <\/div>\n<\/div>\n\n<h2 class=\"cardh2\"> &#8211; JOUEURS PRO &#8211; TM &#8211;<\/h2>\n<div class=\"responsive-tabs\">\n<h2 class=\"tabtitle\">Attaquants<\/h2>\n<div class=\"tabcontent\">\n\n<div class=\"card\"><div class=\"name\">Afriyie Daniel<\/div>\n<div class=\"buttons\">\n  <a class=\"video\" href=\"https:\/\/youtu.be\/D7ejr2xiMEw?si=Uk5zMcLJWxAt0xcd\" target=\"_blank\">Vid\u00e9o<\/a>\n  <a class=\"cv\" href=\"https:\/\/www.transfermarkt.de\/daniel-afriyie\/profil\/spieler\/754158\" target=\"_blank\">Voir CV<\/a>\n<\/div><\/div>\n\n<div class=\"card\"><div class=\"name\">Ayiah Eric<\/div><div class=\"buttons\">\n <a class=\"video\" href=\"https:\/\/youtu.be\/uP0jV3a8Okw?si=0KpIUXlEuqUtF19F\" target=\"_blank\">Vid\u00e9o<\/a>\n<a class=\"cv\" href=\"https:\/\/www.transfermarkt.com\/eric-ayiah\/profil\/spieler\/543503\" target=\"_blank\">Voir CV<\/a>\n<\/div><\/div>\n\n<div class=\"card\"><div class=\"name\">Claudant Lhoan<\/div><div class=\"buttons\">\n  <a class=\"video\" href=\"https:\/\/www.youtube.com\/watch?v=VbUrwjkrVqE\" target=\"_blank\">Vid\u00e9o<\/a>\n  <a class=\"cv\" href=\"https:\/\/www.transfermarkt.fr\/lhoan-claudant\/profil\/spieler\/1153414\" target=\"_blank\">Voir CV<\/a>\n<\/div><\/div>\n\n<div class=\"card\"><div class=\"name\">El Kalai Walid<\/div><div class=\"buttons\">\n  <a class=\"video\" href=\"https:\/\/youtu.be\/exVv0INvgKQ\" target=\"_blank\">Vid\u00e9o<\/a>\n  <a class=\"cv\" href=\"https:\/\/www.transfermarkt.com\/walid-el-kalai\/profil\/spieler\/930855\" target=\"_blank\">Voir CV<\/a>\n<\/div><\/div>\n\n<div class=\"card\"><div class=\"prenom\">EUGENE Ossy Martin <\/div><div class=\"buttons\">\n  <a class=\"video\" href=\"https:\/\/www.youtube.com\/watch?v=AYIbAewmvQ0\" target=\"_blank\">Vid\u00e9o<\/a>\n  <a class=\"cv\" href=\"https:\/\/www.transfermarkt.fr\/ossy-martins\/profil\/spieler\/679276\" target=\"_blank\">Voir CV<\/a>\n<\/div><\/div>\n<div class=\"card\"><div class=\"prenom\">ONYEMACHI Uche<\/div>\n<div class=\"buttons\"><a class=\"cv\" href=\"https:\/\/www.transfermarkt.com\/onyemaechi-uche\/profil\/spieler\/1447994\" target=\"_blank\">Voir CV<\/a>\n<a class=\"video\" href=\"http:\/\/scm-football.com\/accueil\/wp-content\/uploads\/2026\/02\/Video-ONYEMACHI-UCHE-2026-01-06-at-18.27.31-3.mp4\" target=\"_blank\">Vid\u00e9o<\/a>\n\n<\/div>\n<\/div>\n\n<\/div><h2 class=\"tabtitle\">Milieux<\/h2>\n<div class=\"tabcontent\">\n\n<div class=\"card\"><div class=\"name\">ARTHUR James <\/div><div class=\"buttons\">\n <a class=\"video\" href=\"https:\/\/youtube.com\/watch?v=xNo-wVQ9KHc&#038;si=nIYRw9I3DwXMb1LC\" target=\"_blank\">Vid\u00e9o<\/a>\n<a class=\"cv\" href=\"https:\/\/www.transfermarkt.com\/james-arthur\/profil\/spieler\/476852\" target=\"_blank\">Voir CV<\/a>\n<\/div><\/div>\n\n\n\n<div class=\"card\"><div class=\"name\">Ayiah Eric<\/div><div class=\"buttons\">\n <a class=\"video\" href=\"https:\/\/youtu.be\/uP0jV3a8Okw?si=0KpIUXlEuqUtF19F\" target=\"_blank\">Vid\u00e9o<\/a>\n<a class=\"cv\" href=\"https:\/\/www.transfermarkt.com\/eric-ayiah\/profil\/spieler\/543503\" target=\"_blank\">Voir CV<\/a>\n<\/div><\/div>\n\n<div class=\"card\"><div class=\"prenom\">CHRISTOPHER Richards Ezinwa<\/div><div class=\"buttons\">\n  <a class=\"video\" href=\"https:\/\/youtu.be\/JBM7Z6xN3UM\" target=\"_blank\">Vid\u00e9o<\/a>\n  <a class=\"cv\" href=\"https:\/\/www.transfermarkt.de\/christopher-richards-ezinwa\/profil\/spieler\/776747\" target=\"_blank\">Voir CV<\/a>\n<\/div><\/div>\n\n<div class=\"card\"><div class=\"name\">Dambeti Roland<\/div><div class=\"buttons\">\n<a class=\"video\" href=\"http:\/\/scm-football.com\/accueil\/wp-content\/uploads\/2026\/01\/DAMBETI-Roland-WhatsApp-Video-2026-01-07-at-20.43.19.mp4\" target=\"_blank\">Vid\u00e9o<\/a>\n  <a class=\"cv\" href=\"https:\/\/www.transfermarkt.fr\/roland-dambeti\/profil\/spieler\/1277718\" target=\"_blank\">Voir CV<\/a>\n<\/div><\/div>\n<div class=\"card\"><div class=\"name\">ENDJITO Benito<\/div><div class=\"buttons\">\n  <a class=\"video\" href=\"http:\/\/scm-football.com\/accueil\/wp-content\/uploads\/2026\/01\/Benito-ENDJITO-VIDEO-2026-01-02-23-31-59-2-1.mp4\" target=\"_blank\">Vid\u00e9o<\/a>\n  <a class=\"cv\" href=\"https:\/\/www.transfermarkt.com\/benito-endjito\/profil\/spieler\/1402426\" target=\"_blank\">Voir CV<\/a>\n<\/div><\/div>\n<div class=\"card\"><div class=\"prenom\">EVOUNA ETOUNDI Marvin<\/div><div class=\"buttons\">\n  <a class=\"video\" href=\"https:\/\/youtu.be\/hnTSS0Q1kcQ\" target=\"_blank\">Vid\u00e9o<\/a>\n  <a class=\"cv\" href=\"https:\/\/www.transfermarkt.com\/marvin-evouna\/profil\/spieler\/593301\" target=\"_blank\">Voir CV<\/a>\n<\/div><\/div>\n\n\n<div class=\"card\"><div class=\"name\">Mendy Raymond<\/div><div class=\"buttons\">\n  <a class=\"video\" href=\"https:\/\/youtu.be\/EDqZznNERlw\" target=\"_blank\">Vid\u00e9o<\/a>\n  <a class=\"cv\" href=\"https:\/\/www.transfermarkt.de\/raymond-mendy\/profil\/spieler\/403406\" target=\"_blank\">Voir CV<\/a>\n<\/div><\/div>\n<div class=\"card\"><div class=\"name\">NETTEY Christopher<\/div><div class=\"buttons\">\n <a class=\"video\" href=\"https:\/\/youtu.be\/afweLqiq8N8\" target=\"_blank\">Vid\u00e9o<\/a>\n<a class=\"cv\" href=\"https:\/\/www.transfermarkt.com\/christopher-nettey\/profil\/spieler\/718729\" target=\"_blank\">Voir CV<\/a>\n<\/div><\/div>\n<div class=\"card\"><div class=\"name\">Okropiridze Lasha<\/div><div class=\"buttons\">\n <a class=\"video\" href=\"http:\/\/scm-football.com\/accueil\/wp-content\/uploads\/2026\/01\/Lasha-VIDEO-2025-12-19-13-22-06-1.mp4\" target=\"_blank\">Vid\u00e9o<\/a>\n\n  <a class=\"cv\" href=\"https:\/\/www.transfermarkt.com\/lasha-okropiridze\/profil\/spieler\/929009\" target=\"_blank\">Voir CV<\/a>\n<\/div><\/div>\n\n\n<div class=\"card\"><div class=\"name\">Sacayaradjy Steven<\/div><div class=\"buttons\">\n   <a class=\"video\" href=\"http:\/\/scm-football.com\/accueil\/wp-content\/uploads\/2026\/01\/Steven-SACAYARADJY-VIDEO-2025-08-21-16-21-15.mp4\" target=\"_blank\">Vid\u00e9o<\/a><a class=\"cv\" href=\"https:\/\/www.transfermarkt.fr\/steven-sacayaradjy\/profil\/spieler\/1040925\" target=\"_blank\">Voir CV<\/a>\n<\/div><\/div>\n\n<div class=\"card\"><div class=\"name\">Tokarev Daniil<\/div><div class=\"buttons\">\n  <a class=\"video\" href=\"https:\/\/youtu.be\/uoOtTD_Cw9Q?si=i-glwUXP2-gXNwtV\" target=\"_blank\">Vid\u00e9o<\/a><a class=\"cv\" href=\"https:\/\/www.transfermarkt.fr\/daniil-tokarev\/profil\/spieler\/1482422\" target=\"_blank\">Voir CV<\/a>\n<\/div><\/div>\n<div class=\"card\"><div class=\"name\">Yao Komenan <\/div><div class=\"buttons\">\n  <a class=\"video\" href=\"http:\/\/scm-football.com\/accueil\/wp-content\/uploads\/2026\/03\/Video-YAO-2026-02-01-at-11.49.39.mp4\" target=\"_blank\">Vid\u00e9o<\/a>\n  <a class=\"cv\" href=\"https:\/\/www.transfermarkt.com\/komenan-yao\/profil\/spieler\/1306211\" target=\"_blank\">Voir CV<\/a>\n<\/div><\/div>\n\n<\/div><h2 class=\"tabtitle\">D\u00e9fenseurs<\/h2>\n<div class=\"tabcontent\">\n\n\n<div class=\"card\"><div class=\"name\">Abair Yamine<\/div><div class=\"buttons\">\n  <a class=\"video\" href=\"http:\/\/scm-football.com\/accueil\/wp-content\/uploads\/2026\/01\/VIDEO-Yamine-ABAIR-WhatsApp-Video-2026-01-07-at-14.15.47.mp4\" target=\"_blank\">Vid\u00e9o<\/a>\n  <a class=\"cv\" href=\"https:\/\/www.transfermarkt.fr\/yamine-abair\/profil\/spieler\/1458881\" target=\"_blank\">Voir CV<\/a>\n<\/div><\/div>\n<div class=\"card\"><div style=\"font-weight:bold\">ADEBAYO  Adewale John<\/div>\n<div class=\"buttons\">\n  <a class=\"video\" href=\"https:\/\/youtu.be\/tqXgHJbvwxI?si=cPNm6C06mOTep84n\" target=\"_blank\">Vid\u00e9o<\/a>\n  <a class=\"cv\" href=\"https:\/\/www.transfermarkt.com\/adewale-john-adebayo\/profil\/spieler\/1311467\" target=\"_blank\">Voir CV<\/a>\n<\/div><\/div>\n<div class=\"card\"><div class=\"name\">Evouna Etoundi Marvin<\/div><div class=\"buttons\">\n  <a class=\"video\" href=\"https:\/\/youtu.be\/hnTSS0Q1kcQ\" target=\"_blank\">Vid\u00e9o<\/a>\n  <a class=\"cv\" href=\"https:\/\/www.transfermarkt.com\/marvin-evouna\/profil\/spieler\/593301\" target=\"_blank\">Voir CV<\/a>\n<\/div><\/div>\n<div class=\"card\"><div class=\"name\">FEZUI Arnaud<\/div><div class=\"buttons\">\n  <a class=\"video\" href=\"http:\/\/scm-football.com\/accueil\/wp-content\/uploads\/2026\/01\/VIDEO-FEZUI-Arnaud-VIDEO-2025-12-03-12-06-30.mp4\" target=\"_blank\">Vid\u00e9o<\/a>\n  <a class=\"cv\" href=\"https:\/\/www.transfermarkt.fr\/arnaud-fezui\/profil\/spieler\/301068\" target=\"_blank\">Voir CV<\/a>\n<\/div><\/div>\n<div class=\"card\"><div class=\"name\">NETTEY Christopher<\/div><div class=\"buttons\">\n <a class=\"video\" href=\"https:\/\/youtu.be\/afweLqiq8N8\" target=\"_blank\">Vid\u00e9o<\/a>\n<a class=\"cv\" href=\"https:\/\/www.transfermarkt.com\/christopher-nettey\/profil\/spieler\/718729\" target=\"_blank\">Voir CV<\/a>\n<\/div><\/div>\n<div class=\"card\"><div class=\"name\">Okropiridze Lasha<\/div><div class=\"buttons\">\n  <a class=\"video\" href=\"http:\/\/scm-football.com\/accueil\/wp-content\/uploads\/2026\/01\/Lasha-VIDEO-2025-12-19-13-22-06.mp4\" target=\"_blank\">Vid\u00e9o<\/a>\n<a class=\"cv\" href=\"https:\/\/www.transfermarkt.com\/lasha-okropiridze\/profil\/spieler\/929009\" target=\"_blank\">Voir CV<\/a>\n<\/div><\/div>\n\n<div class=\"card\"><div class=\"name\">Runic Nebojsa<\/div><div class=\"buttons\">\n  <a class=\"video\" href=\"https:\/\/www.youtube.com\/watch?v=K2FccwUuU1w\" target=\"_blank\">Vid\u00e9o<\/a><a class=\"cv\" href=\"https:\/\/www.transfermarkt.com\/nebojsa-runic\/profil\/spieler\/193890\" target=\"_blank\">Voir CV<\/a>\n<\/div><\/div>\n\n<div class=\"card\"><div class=\"name\">Tour\u00e9 Ladji<\/div><div class=\"buttons\">\n   <a class=\"video\" href=\"http:\/\/scm-football.com\/accueil\/wp-content\/uploads\/2026\/01\/TOURE-LADJI-VIDEO-2025-08-23-20-20-26-3.mp4\" target=\"_blank\">Vid\u00e9o<\/a>\n<a class=\"cv\" href=\"https:\/\/www.transfermarkt.be\/ladji-toure\/profil\/spieler\/1063306\" target=\"_blank\">Voir CV<\/a>\n<\/div><\/div>\n<div class=\"card\"><div class=\"name\">Yao Komenan <\/div><div class=\"buttons\">\n  <a class=\"video\" href=\"http:\/\/scm-football.com\/accueil\/wp-content\/uploads\/2026\/03\/Video-YAO-2026-02-01-at-11.49.39.mp4\" target=\"_blank\">Vid\u00e9o<\/a>\n  <a class=\"cv\" href=\"https:\/\/www.transfermarkt.com\/komenan-yao\/profil\/spieler\/1306211\" target=\"_blank\">Voir CV<\/a>\n<\/div><\/div>\n\n<\/div><h2 class=\"tabtitle\">Gardiens<\/h2>\n<div class=\"tabcontent\">\n\n<div class=\"card\"><div class=\"name\">Ojo Olorunleke<\/div><div class=\"buttons\">\n  <a class=\"video\" href=\"https:\/\/youtu.be\/y617iVPol4Q\" target=\"_blank\">Vid\u00e9o<\/a>\n  <a class=\"cv\" href=\"https:\/\/www.transfermarkt.fr\/olorunleke-ojo\/profil\/spieler\/364302\" target=\"_blank\">Voir CV<\/a>\n<\/div><\/div>\n<div class=\"card\"><div class=\"name\">Toung-Allogho Dallian<\/div><div class=\"buttons\">\n<a class=\"video\" href=\"https:\/\/youtu.be\/-CHokJvv1bs\" target=\"_blank\">Vid\u00e9o<\/a>\n<a class=\"cv\" href=\"https:\/\/www.transfermarkt.fr\/dallian-allogho\/profil\/spieler\/737593\" target=\"_blank\">Voir CV<\/a>\n<\/div><\/div>\n<\/div><\/div>\n\n\n<h2 class=\"cardh2\">&#8211; Joueurs Pro \u2013 Non TM &#8211; <\/h2>\n<div class=\"responsive-tabs\">\n<h2 class=\"tabtitle\">Attaquants<\/h2>\n<div class=\"tabcontent\">\n\n<div class=\"card\"><div class=\"name\">Akhchach Yacine<\/div><div class=\"buttons\">\n  <a class=\"video\" href=\"http:\/\/scm-football.com\/accueil\/wp-content\/uploads\/2026\/01\/VIDEO-AKHCHACH-2026-01-12-14-33-49.mp4\" target=\"_blank\">Vid\u00e9o<\/a><a class=\"cv1\" href=\"http:\/\/scm-football.com\/accueil\/wp-content\/uploads\/2026\/01\/CV-Yacine-AKHCHACH-OK-1.pdf\" target=\"_blank\">Voir CV<\/a>\n<\/div><\/div>\n\n\n<\/div><h2 class=\"tabtitle\">Milieux<\/h2>\n<div class=\"tabcontent\">\n\n\n<div class=\"card\"><div class=\"name\">Dahmoune-May Marwane<\/div><div class=\"buttons\">\n  <a class=\"video\" href=\"http:\/\/scm-football.com\/accueil\/wp-content\/uploads\/2026\/01\/DAHMOUNE-Marwane-VIDEO-2026-01-03-21-10-45-1.mp4\" target=\"_blank\">Vid\u00e9o<\/a>\n  <a class=\"cv\" href=\"http:\/\/scm-football.com\/accueil\/wp-content\/uploads\/2026\/01\/CV-DAHMOUNE-Marwane-2026-OK.pdf\" target=\"_blank\">Voir CV<\/a>\n<\/div><\/div>\n\n<div class=\"card\"><div class=\"name\">Houthout Mohamed<\/div><div class=\"buttons\">\n <a class=\"video\" href=\"http:\/\/scm-football.com\/accueil\/wp-content\/uploads\/2026\/01\/Mohamed-HOUTHOUT-VIDEO-2025-11-20-17-00-00.mp4\" target=\"_blank\">Vid\u00e9o<\/a>  <a class=\"cv\" href=\"http:\/\/scm-football.com\/accueil\/wp-content\/uploads\/2026\/01\/CV-HOUTHOUT-Mohamed.pdf\" target=\"_blank\">Voir CV<\/a>\n<\/div><\/div>\n\n<div class=\"card\"><div class=\"name\">Mendy Yo\u00ebl<\/div><div class=\"buttons\">\n <a class=\"video\" href=\"http:\/\/scm-football.com\/accueil\/wp-content\/uploads\/2026\/01\/VIDEO-Yoel-MENDY-WhatsApp-Video-2026-01-07-at-14.11.42-1.mp4\" target=\"_blank\">Vid\u00e9o<\/a> <a class=\"cv\" href=\"http:\/\/scm-football.com\/accueil\/wp-content\/uploads\/2026\/01\/CV-Black-Modern-Professional-Resume.pdf\" target=\"_blank\">Voir CV<\/a>\n<\/div><\/div>\n<div class=\"card\"><div class=\"prenom\">OCRAN  Bright Mensah <\/div><div class=\"buttons\">\n  <a class=\"video\" href=\"http:\/\/scm-football.com\/accueil\/wp-content\/uploads\/2026\/03\/Joueur-Ghaneen-WhatsApp-Video-2026-03-14-at-10.17.00.mp4\" target=\"_blank\">Vid\u00e9o<\/a>\n  <a class=\"cv\" href=\"http:\/\/scm-football.com\/accueil\/wp-content\/uploads\/2026\/03\/CV-MENSAH-OCRAN-1.jpg\" target=\"_blank\">Voir CV<\/a>\n<\/div><\/div>\n\n<\/div><h2 class=\"tabtitle\">D\u00e9fenseurs<\/h2>\n<div class=\"tabcontent\">\n\n<div class=\"card\"><div class=\"name\">Mendy Yo\u00ebl<\/div><div class=\"buttons\">\n  <a class=\"video\" href=\"http:\/\/scm-football.com\/accueil\/wp-content\/uploads\/2026\/01\/VIDEO-Yoel-MENDY-WhatsApp-Video-2026-01-07-at-14.11.42-1.mp4\" target=\"_blank\">Vid\u00e9o<\/a><a class=\"cv\" href=\"http:\/\/scm-football.com\/accueil\/wp-content\/uploads\/2026\/01\/CV-Black-Modern-Professional-Resume.pdf\" target=\"_blank\">Voir CV<\/a>\n<\/div><\/div>\n\n<\/div><h2 class=\"tabtitle\">Gardiens<\/h2>\n<div class=\"tabcontent\">\n\n<div class=\"card\"><div class=\"name\">Mouhdi Jahred<\/div><div class=\"buttons\">\n  <a class=\"video\" href=\"http:\/\/scm-football.com\/accueil\/wp-content\/uploads\/2026\/01\/VIDEO-MOUDHI-Jared-2025-08-18-17-36-31.mp4\" target=\"_blank\">Vid\u00e9o<\/a>\n  <a class=\"cv\" href=\"http:\/\/scm-football.com\/accueil\/wp-content\/uploads\/2026\/01\/mouhdi.pdf\" target=\"_blank\">Voir CV<\/a>\n<\/div><\/div>\n<\/div><\/div>\n<h2 class=\"cardh2\"> &#8211; Nos Jeunes Talents &#8211; <\/h2>\n<div class=\"responsive-tabs\">\n<h2 class=\"tabtitle\">Attaquants<\/h2>\n<div class=\"tabcontent\">\n\n\n<div class=\"card\"><div class=\"name\">Redjekra Nolan<\/div><div class=\"buttons\">\n <a class=\"video\" href=\"http:\/\/scm-football.com\/accueil\/wp-content\/uploads\/2026\/01\/Nolan-REDJEKRA-U12-VIDEO-2026-01-02-08-56-43-1-1.mp4\" target=\"_blank\">Vid\u00e9o<\/a>\n <a class=\"cv\" href=\"http:\/\/scm-football.com\/accueil\/wp-content\/uploads\/2026\/01\/CV_NOLANMRV4-OK.pdf\" target=\"_blank\">Voir CV<\/a>\n<\/div><\/div>\n\n<\/div><h2 class=\"tabtitle\">Milieux<\/h2>\n<div class=\"tabcontent\">\n\n<div class=\"card\"><div class=\"name\">ENDJITO Benito <\/div><div class=\"buttons\">\n  <a class=\"video\" href=\"http:\/\/scm-football.com\/accueil\/wp-content\/uploads\/2026\/01\/Benito-ENDJITO-VIDEO-2026-01-02-23-31-59-2-1.mp4\" target=\"_blank\">Vid\u00e9o<\/a>\n  <a class=\"cv\" href=\"https:\/\/www.transfermarkt.com\/benito-endjito\/profil\/spieler\/1402426\" target=\"_blank\">Voir CV<\/a>\n<\/div><\/div>\n<div class=\"card\"><div class=\"name\">Redjekra Johann Ethan-Lauren<\/div><div class=\"buttons\">\n  <a class=\"video\" href=\"https:\/\/youtu.be\/ENePIZkr3AM\" target=\"_blank\">Vid\u00e9o<\/a>\n  <a class=\"cv\" href=\"http:\/\/scm-football.com\/accueil\/wp-content\/uploads\/2026\/01\/CV-JELR-3-OK.pdf\" target=\"_blank\">Voir CV<\/a>\n<\/div><\/div>\n<div class=\"card\"><div class=\"name\">Redjekra Nolan<\/div><div class=\"buttons\">\n <a class=\"video\" href=\"http:\/\/scm-football.com\/accueil\/wp-content\/uploads\/2026\/01\/Nolan-REDJEKRA-U12-VIDEO-2026-01-02-08-56-43-1-1.mp4\" target=\"_blank\">Vid\u00e9o<\/a>\n <a class=\"cv\" href=\"http:\/\/scm-football.com\/accueil\/wp-content\/uploads\/2026\/01\/CV_NOLANMRV4-OK.pdf\" target=\"_blank\">Voir CV<\/a>\n<\/div><\/div>\n\n<\/div><h2 class=\"tabtitle\">D\u00e9fenseurs<\/h2>\n<div class=\"tabcontent\">\n\n  \n\n<\/div><h2 class=\"tabtitle\">Gardiens<\/h2>\n<div class=\"tabcontent\">\n\n  \n<\/div><\/div>\n<script>\nconst cards = document.querySelectorAll('.card');\ndocument.getElementById('count-total').textContent =\n  `Total joueurs : ${cards.length}`;\n\nconst countByTag = (tag) =>\n  document.querySelectorAll('.tag.' + tag).length;\n\ndocument.getElementById('count-attaquant').textContent =\n  `Attaquants : ${countByTag('attaquant')}`;\n\ndocument.getElementById('count-milieu').textContent =\n  `Milieux : ${countByTag('milieu')}`;\n\ndocument.getElementById('count-defenseur').textContent =\n  `D\u00e9fenseurs : ${countByTag('defenseur')}`;\n\ndocument.getElementById('count-gardien').textContent =\n  `Gardiens : ${countByTag('gardien')}`;\n<\/script>\n<script>\ndocument.querySelectorAll('.card .name').forEach(el => {\n  const parts = el.textContent.trim().split(' ');\n  \n  \/\/ Appliquer format par d\u00e9faut si plus d'un mot\n  if (parts.length > 1) {\n    const prenomRaw = parts.pop().toLowerCase();\n    const prenom = prenomRaw.charAt(0).toUpperCase() + prenomRaw.slice(1);\n    const nom = parts.join(' ').toUpperCase();\n    el.textContent = `${nom} ${prenom}`;\n  }\n  \n  \/\/ Rendre le champ modifiable manuellement\n  el.setAttribute('contenteditable', 'true');\n  el.style.cursor = 'text';      \/\/ Indique que c\u2019est \u00e9ditable\n});\n<\/script>\n\n\n\n<p><\/p>\n","protected":false},"excerpt":{"rendered":"<p>&#8211; Coach &#8211; No\u00ebl TOSI Diplome Voir CV TOUR\u00c8 Alioune Diplome Voir CV &#8211; JOUEURS PRO &#8211; TM &#8211; Afriyie Daniel Vid\u00e9o Voir CV Ayiah Eric Vid\u00e9o Voir CV Claudant Lhoan Vid\u00e9o Voir CV El Kalai Walid Vid\u00e9o Voir CV &hellip; <a href=\"http:\/\/scm-football.com\/accueil\/2199-2\/\">Continuer la lecture <span class=\"meta-nav\">&rarr;<\/span><\/a><\/p>\n","protected":false},"author":1,"featured_media":0,"parent":0,"menu_order":0,"comment_status":"closed","ping_status":"closed","template":"sidebar-page.php","meta":{"footnotes":""},"class_list":["post-2199","page","type-page","status-publish","hentry"],"_links":{"self":[{"href":"http:\/\/scm-football.com\/accueil\/wp-json\/wp\/v2\/pages\/2199","targetHints":{"allow":["GET"]}}],"collection":[{"href":"http:\/\/scm-football.com\/accueil\/wp-json\/wp\/v2\/pages"}],"about":[{"href":"http:\/\/scm-football.com\/accueil\/wp-json\/wp\/v2\/types\/page"}],"author":[{"embeddable":true,"href":"http:\/\/scm-football.com\/accueil\/wp-json\/wp\/v2\/users\/1"}],"replies":[{"embeddable":true,"href":"http:\/\/scm-football.com\/accueil\/wp-json\/wp\/v2\/comments?post=2199"}],"version-history":[{"count":195,"href":"http:\/\/scm-football.com\/accueil\/wp-json\/wp\/v2\/pages\/2199\/revisions"}],"predecessor-version":[{"id":3227,"href":"http:\/\/scm-football.com\/accueil\/wp-json\/wp\/v2\/pages\/2199\/revisions\/3227"}],"wp:attachment":[{"href":"http:\/\/scm-football.com\/accueil\/wp-json\/wp\/v2\/media?parent=2199"}],"curies":[{"name":"wp","href":"https:\/\/api.w.org\/{rel}","templated":true}]}}